, what is 21 + 12013322?
12013343
In base 9, what is -4568436 + 6?
-4568430
In base 13, what is 45862 + 372c?
49291
In base 9, what is 1538888134 + -5?
1538888128
In base 16, what is -40d81a5 - -5?
-40d81a0
In base 6, what is -3 - -53424225?
53424222
In base 12, what is -1388718 + -113?
-138882b
In base 13, what is -55714 - -224?
-554c0
In base 16, what is -3b + -226f6?
-22731
In base 8, what is 7 + 301345534?
301345543
In base 9, what is -2211806 + 7?
-2211788
In base 5, what is -14212212321 + -13?
-14212212334
In base 8, what is 6 - -203103523?
203103531
In base 11, what is 4796 - 13125?
-943a
In base 8, what is 4 + 10632404?
10632410
In base 6, what is -1535401005 + -111?
-1535401120
In base 5, what is 41 - 13214411400?
-13214411304
In base 5, what is -2114101021 + -10?
-2114101031
In base 7, what is -60530 + -2123?
-62653
In base 6, what is 1445 + -424300?
-422411
In base 10, what is 285088 - 4?
285084
In base 3, what is -11002220 + 1021222?
-2210221
In base 8, what is 4 + -4625570?
-4625564
In base 9, what is 7 + 700603?
700611
In base 2, what is 1001111110110111110010110 + -110?
1001111110110111110010000
In base 9, what is -4340448 - -40?
-4340408
In base 4, what is -10223 - 20202?
-31031
In base 14, what is a - b23a3a?
-b23a30
In base 15, what is -2 + -1c432031?
-1c432033
In base 12, what is 3946 + -7693?
-3949
In base 2, what is 110110110001010000101 + 1000111?
110110110001011001100
In base 2, what is 1010100011110111111100101 - -1?
1010100011110111111100110
In base 11, what is 50 - -65a2a?
65a7a
In base 16, what is eb95f - c?
eb953
In base 16, what is 1bcf78 + -cd?
1bceab
In base 13, what is 37672bc - -5?
37672c4
In base 12, what is -9 + -1371164?
-1371171
In base 10, what is -7400501 - -4?
-7400497
In base 3, what is 1100112110 - -2112011?
1110001121
In base 11, what is 21 - 3934a38?
-3934a17
In base 13, what is 4 - -30785a6?
30785aa
In base 5, what is 3203110324 + 14?
3203110343
In base 16, what is 21 - -a54b?
a56c
In base 3, what is 1 + 10011020102012?
10011020102020
In base 15, what is 1138a5 + 42?
1138e7
In base 8, what is 376 + 713?
1311
In base 4, what is 1333111 + -12233?
1320212
In base 10, what is -31241244 - 4?
-31241248
In base 10, what is 4 - 573292?
-573288
In base 2, what is 10001000001100000 + -1100?
10001000001010100
In base 7, what is 1054034325 + 3?
1054034331
In base 6, what is 20354531 + -453?
20354034
In base 6, what is -5 - 323154352?
-323154401
In base 15, what is 69 - 9a626?
-9a5ac
In base 8, what is -2327 + -240473?
-243022
In base 12, what is -aa21 + a4b6?
-527
In base 11, what is 2879 - -8231?
aaaa
In base 13, what is -14a3a1a + -5?
-14a3a22
In base 15, what is 4de2 + 9?
4deb
In base 2, what is 110110 + -10101000101000101110?
-10101000100111111000
In base 4, what is 1 + 331210312000?
331210312001
In base 12, what is -46 - 1768018?
-1768062
In base 14, what is -19c + 9a97?
98d9
In base 11, what is a232416 + -3?
a232413
In base 2, what is 11111 + -1100101111100001001?
-1100101111011101010
In base 2, what is -1111010001100111010011 + -10?
-1111010001100111010101
In base 14, what is -a4 - -5ba?
516
In base 12, what is -3492 + -15015?
-184a7
In base 13, what is -33a7 + 11a4?
-2203
In base 9, what is -30 + -822711?
-822741
In base 6, what is -200252544433 - -5?
-200252544424
In base 12, what is -173a8395 + 2?
-173a8393
In base 7, what is 13 - 253141?
-253125
In base 8, what is -463 - 1203577?
-1204262
In base 8, what is 136623 - 71?
136532
In base 9, what is -3002646 + -5?
-3002652
In base 12, what is 28b7 - -31803?
344ba
In base 5, what is -2231 + 113433?
111202
In base 10, what is -6 - 3581660?
-3581666
In base 3, what is 201 - 121100122100?
-121100121122
In base 14, what is -31c6b + 612?
-31659
In base 6, what is -101 + -52455123?
-52455224
In base 15, what is 10 + -69295e5?
-69295d5
In base 5, what is 400031 - 113420?
231111
In base 3, what is 122 - -1110200002?
1110200201
In base 16, what is -1c56 + 2e03?
11ad
In base 8, what is 1613535 - 201?
1613334
In base 15, what is 10e0 - -196a?
2a5a
In base 16, what is 627762 - 0?
627762
In base 15, what is -a00696 - 28?
-a006be
In base 16, what is -10 + -3324b2?
-3324c2
In base 16, what is 326f - 81?
31ee
In base 14, what is bb - 36bc8a?
-36bbad
In base 15, what is -3 + 65a995?
65a992
In base 6, what is 24 - -11202450?
11202514
In base 5, what is 210313310144 - -11?
210313310210
In base 6, what is -5 + 1332343134?
1332343125
In base 8, what is 1112 - 51271?
-50157
In base 13, what is c + 4abc527?
4abc536
In base 13, what is -23588bcb - 3?
-23588c01
In base 13, what is -22 - 1a1412?
-1a1434
In base 14, what is -352308 - -7?
-352301
In base 2, what is -10010111101110010100 + -110101?
-10010111101111001001
In base 8, what is -23567416 + 1?
-23567415
In base 7, what is -1242252036 - -43?
-1242251663
In base 9, what is -5677 - -4106?
-1571
In base 10, what is 68688986 + 5?
68688991
In base 13, what is -2700a - -77c?
-2655b
In base 8, what is 273107424 - 3?
273107421
In base 11, what is 280186 - 654?
27a632
In base 12, what is -37b394 + -11?
-37b3a5
In base 16, what is -46d41 + -a5?
-46de6
In base 14, what is -98b79 - -39c?
-987bb
In base 4, what is -311302 - 1223130?
-2201032
In base 9, what is 211 - -466720?
467031
In base 5, what is 23244001 - 21204?
23222242
In base 8, what is 605304 - 73?
605211
In base 8, what is 54 - -152574446?
152574522
In base 3, what is -2201020 + 12122201?
2221111
In base 3, what is 2020211201201202 - 1?
2020211201201201
In base 14, what is d2 + 2767b?
2776d
In base 2, what is 111110100100111 + -1000011000?
111101100001111
In base 10, what is -686004 - -21?
-685983
In base 16, what is 142459 + -4ff?
141f5a
In base 8, what is 60 - -603046?
603126
In base 15, what is -115c7ac + -4?
-115c7b1
In base 14, what is -30714 - -66?
-3068c
In base 10, what is 819 - 70057?
-69238
In base 4, what is -11 - 313223303322?
-313223303333
In base 3, what is -1022221010201111022 - 1?
-1022221010201111100
In base 10, what is -1964 + 3822?
1858
In base 8, what is 14713 - 323?
14370
In base 7, what is -161121242 - 1?
-161121243
In base 5, what is -4124020044 - -3?
-4124020041
In base 12, what is 2a965250 - -5?
2a965255
In base 8, what is -1 - 22714552?
-22714553
In base 4, what is -33213333030 + -30?
-33213333120
In base 11, what is -5675 - -74?
-5601
In base 3, what is -1011201222100 - -1220?
-1011201220110
In base 8, what is -4760252 - -6?
-4760244
In base 3, what is -11201110 - -110001202120?
102220001010
In base 9, what is -6064 - 3627?
-10702
In base 14, what is 0 + -534988?
-534988
In base 13, what is -cb713 - 326?
-cba39
In base 7, what is -2505 - 124401?
-130206
In base 10, what is -198284 - 129?
-198413
In base 2, what is 1000000110111101011000010001 - -100?
1000000110111101011000010101
In base 12, what is -23a8 - 10a5?
-3491
In base 10, what is 22416464 + 2?
22416466
In base 6, what is -351 - -1502555?
1502204
In base 5, what is -30003414 - -432?
-30002432
In base 6, what is -513015 + 12455?
-500120
In base 3, what is 111111101002010 - 111?
111111101001122
In base 5, what is 210 - 4043033030?
-4043032320
In base 10, what is -7255286 - 3?
-7255289
In base 15, what is 2c4120 + 8?
2c4128
In base 12, what is 12b410 - 10?
12b400
In base 9, what is 218328 - -1102?
220431
In base 5, what is -314404213 - -411?
-314403302
In base 5, what is -1401031432 - -31?
-1401031401
In base 12, what is -57a - -16bb03?
16b545
In base 14, what is 2097d - 2b1?
206ac
In base 2, what is -11101010101001 - 10010010011001?
-101111101000010
In base 5, what is -1 - 14340044001?
-14340044002
In base 7, what is 203 - 115143?
-114640
In base 3, what is 21010110120211 - 2112?
21010110111022
In base 10, what is -6 + 687787?
687781
In base 3, what is -10212121211010 + -1?
-10212121211011
In base 10, what is -23411867 + 4?
-23411863
In base 8, what is -106 - 45350?
-45456
In base 11, what is 6727477 - 9?
6727469
In base 15, what is 2888ba + 3c?
288907
In base 6, what is 1004 + 132030513?
132031521
In base 10, what is -137 - 46144?
-46281
In base 11, what is 4 - -105072359?
105072362
In base 6, what is 24351132001 - 4?
24351131553
In base 9, what is 11 - -3386588?
3386610
In base 7, what is 55 - -2064352?
2064440
In base 15, what is -bc + -3744cd?
-37459a
In base 13, what is -1 - 22cc5b5?
-